n?
True
Suppose 971*v = 972*v - 5*w + 13, 2*v = 3*w - 26. Let c(r) = -9*r + 54 - 6*r + 1. Is c(v) a multiple of 31?
False
Let m be 0 - (-22 + (-15)/3 - -3). Suppose 230 = 2*c - 2*y, -12 + m = 4*y. Does 15 divide c?
False
Let i = -178 + 161. Does 41 divide (-1291)/(-3) - i/(-51)?
False
Is (4/10)/(108/5892210) a multiple of 157?
True
Let i(x) = 2*x**2 - 47*x + 8. Suppose 4*w - 2*w + 39 = -3*p, 0 = 2*w - 3*p + 9. Is i(w) a multiple of 20?
True
Is 16 a factor of 10915/74*12/10*31?
False
Let h(s) = 5*s**3 - 72*s**2 - 50*s + 192. Is 8 a factor of h(16)?
True
Suppose 3*i + 5*l = 37, -7*l = -4*i - 4*l + 30. Suppose i*a + 919 - 4375 = 0. Does 12 divide a?
True
Let o(k) = 2*k**3 + k + 1. Let h(q) = -7*q**3 + 18*q**2 + 5*q - 1. Let y(g) = h(g) + 4*o(g). Is 14 a factor of y(-10)?
False
Let x = 526 - -3900. Suppose -5*h + 4427 = 2*a, -3*h - 2*h + x = a. Is 28 a factor of h?
False
Suppose 18*w - 2035 + 8371 = 0. Does 47 divide (521/(-4))/(88/w)?
False
Let y(x) = -x**3 + 38*x**2 + 73*x + 33. Let c be y(39). Suppose -c = -10*r + 5021. Is 58 a factor of r?
True
Let h = 5989 + -1970. Is 15 a factor of h?
False
Let o be (1 + 37)/(1*(4 - 2)). Suppose 3*f = o*f - 6256. Does 14 divide f?
False
Is (17628/108)/((-2)/24)*9/(-6) a multiple of 5?
False
Let k be (-1844)/(-10) - (-4)/(-10). Let c = -262 - -362. Let x = k - c. Is 28 a factor of x?
True
Suppose 3*w - 28*w - 400 = 0. Let a = w + 237. Is 7 a factor of a?
False
Suppose -8*i + 6 + 2 = 0. Let l(s) = s + 1. Let m(o) = 4*o**2 - 3*o + 3. Let g(p) = i*m(p) - 3*l(p). Is 15 a factor of g(-6)?
True
Suppose 0 = 91*d - 97*d - 24. Let b(c) = -c**3 + 6*c**2 + 3*c - 11. Is b(d) a multiple of 18?
False
Suppose 11*a = 27*a + 21184. Let w = a - -2388. Is w a multiple of 56?
True
Suppose 5*l - 20 = l, -3*d + 4*l = 710. Let w = d - -552. Does 23 divide w?
True
Let a(r) = -41*r - 191. Let b(j) = 42*j + 198. Let o(i) = 4*a(i) + 3*b(i). Does 8 divide o(-7)?
True
Let w = 31264 + -6421. Is w a multiple of 91?
True
Suppose -5*y + x = 36, -8*y + 3*y = -2*x + 32. Let t(f) = -118*f + 57. Is 12 a factor of t(y)?
False
Suppose 5*x = -10, 3*g + 364*x - 368*x = 7622. Does 47 divide g?
True
Let p = -655 - -567. Let z = -101 + 39. Let x = z - p. Does 16 divide x?
False
Suppose -14*s + 2*s - 37485 = -15*s. Is 21 a factor of s?
True
Let t = 27 - 25. Let o(s) = -1 + 7*s - 4*s**t + 13*s**2 - 5*s + 2*s. Is o(3) a multiple of 24?
False
Let u(n) = 2*n**3 + 6*n**2 + 2*n + 1. Let r be u(-3). Let h(v) = -4*v**3 + v**2 - 10*v - 8. Is 27 a factor of h(r)?
True
Let d = 3951 - 2583. Let x be (2/4)/(4/d). Let y = -119 + x. Does 22 divide y?
False
Suppose -4*g + 71006 + 141932 = -j, g - 53231 = 2*j. Is g a multiple of 65?
True
Suppose 3*u = 3, -o - 339 = -u + 353. Let m = -204 - o. Is 13 a factor of m?
False
Suppose 2*y = 3*c - 23448, -y - 15632 = -2*c - 3*y. Is c a multiple of 73?
False
Let t be 4*(-1)/5*(-1295)/(-74). Let m(z) be the first derivative of -z**4/4 - 13*z**3/3 + 9*z**2/2 + 10*z + 1. Is m(t) a multiple of 40?
True
Let p(f) = -2*f**3 - 29*f**2 + 41*f - 21. Let n be p(-16). Suppose 5*m + x = -x + 12, 4*m = -4*x. Suppose -5*g + n = -m*t, 2 = -t - 2. Does 15 divide g?
True
Let f(r) = -r**2 - r + 4. Let z be f(0). Suppose 2*u + 3*m = z*u + 5, 4*u - 17 = -3*m. Is 5 - -21 - u/(-2) a multiple of 4?
False
Suppose j + l = 1240, 4*j - 4398 = -2*l + 562. Is 10 a factor of j?
True
Let w = 46 + -42. Let n be (9/w)/((-15)/(-80)). Let a = n + 12. Is a a multiple of 7?
False
Let d(l) = -l**3 + 9*l**2 + 4. Let j be d(9). Suppose 9 = 3*g, -g - 49 = -2*a - j*g. Let p = a + 46. Is 22 a factor of p?
True
Let l(r) = 221*r**2 + 91*r - 307. Is l(5) a multiple of 31?
True
Suppose 0 = -22*a + 3230 + 9156. Suppose 5*z + 258 = a. Is 22 a factor of z?
False
Suppose 6*n - 67 + 313 = 0. Let r = -38 - n. Suppose r*h = -14 + 41. Is h a multiple of 4?
False
Let y be 4/18 - (-5 - 1101/27). Suppose y = -17*u - 5. Does 47 divide 0 - u - (-352)/8?
True
Let i = 1738 - 1240. Let p = i + -466. Is p a multiple of 2?
True
Suppose 8*f - 19*f = -44. Suppose 2*o = -0*o + j + 133, -f*o + 257 = j. Is o a multiple of 13?
True
Is (3/(-2))/(-3*19/147858) a multiple of 9?
False
Suppose -l - 76 = 5*s, l + 0*s + 82 = s. Let f = 123 + l. Is f a multiple of 2?
True
Let u(d) = 364*d**2 + 40*d + 369. Is u(-8) a multiple of 145?
True
Suppose -9*h + 66 = -20*h. Let p be ((-280)/(-1))/(6/(12 + h)). Suppose 5*i = 3*t - p, -5*t + 4*i + i = -480. Is 19 a factor of t?
False
Let z(m) = -2*m**3 + 61*m**2 - 188*m - 2. Let b(u) = -u**3 + 31*u**2 - 95*u - 1. Let o(d) = -7*b(d) + 4*z(d). Is 13 a factor of o(22)?
False
Is 20 a factor of (1546/(-5))/((-208)/520)?
False
Suppose -2*m - 3*w = 21, -3*w + 87 = -5*m + w. Is 296/40 + m/(-25) a multiple of 8?
True
Is 31 a factor of (0 - 3/(-9))*(4 + -2 - -69376)?
True
Suppose -5 = -3*o + l, 2*l + 3 = 3*o - 4. Is 7 a factor of (1 + -2 - -4)/o - -51?
False
Suppose -3*y - 8 = -2*k, 20*y - k + 7 = 18*y. Is 8 a factor of (3339/y)/(-7)*2?
False
Suppose -5*o + 1620 = 5*c, c + 240 = 4*o - 1046. Suppose 2*g = h - o, 636 = 2*h - 7*g + 11*g. Is h a multiple of 20?
True
Let o be (1*-12)/(-3) - -1*585. Suppose -8*l + 5*t = -4*l - o, -5*t = l - 141. Does 13 divide l?
False
Let s(a) = 6*a - 22. Let z(f) = 13. Let w(i) = -7. Let p(q) = -11*w(q) - 6*z(q). Let b(l) = -3*p(l) - s(l). Is 12 a factor of b(-9)?
False
Let t(h) = -15*h**2 + 9*h - 6. Let s be t(5). Let u = 513 + s. Is u a multiple of 11?
False
Suppose p - 197 = -2*m, -m + 0*p = -p - 91. Suppose -6*o + m = -0*o. Suppose 8*s = 4*s + o. Does 2 divide s?
True
Let l(n) = -14*n**3 + n**2 - 9*n - 7. Let q be ((-2)/4)/((-17)/(-102)). Is 37 a factor of l(q)?
True
Suppose y = k - 4*k - 376, 3*k = 4*y - 386. Let h = k - -206. Is 10 a factor of h?
True
Let d = -351 - 100. Let h = d - -799. Suppose -5*f = -2*f - h. Is 24 a factor of f?
False
Let b = -359 + 359. Suppose b = 5*s - 4102 + 657. Is s a multiple of 40?
False
Let n = 26857 + -19157. Suppose 23*q - 9*q - n = 0. Does 12 divide q?
False
Let f = 614 + -581. Suppose -31*r = -f*r + 1256. Does 20 divide r?
False
Let h(g) = g**2 - 10*g + 2. Let p = 22 + 7. Let w = 21 - p. Is h(w) a multiple of 27?
False
Is 27 a factor of ((-21504)/(-9) + -1)/((-6)/(-18))?
False
Suppose -u + 0*u + 37 = 3*k, -k - 5 = -4*u. Let y(p) = -k*p + 7 - 5 + 12. Is y(-8) a multiple of 13?
False
Let a(h) = h**2 + 4*h - 3. Let u be a(-5). Let o be (u - 3)/(9/(-4) + 2). Suppose -29 = -s + o*b + 10, -85 = -3*s + 4*b. Does 12 divide s?
False
Is 548/25 + 12/150 a multiple of 2?
True
Suppose -2*s - 5*y + 1409 = 0, 5*s = 316*y - 319*y + 3475. Is 2 a factor of s?
True
Let p(d) = 35*d**2 - 6*d - 7. Suppose -3 = -2*c - 5*h - 14, -5*c - 2*h + 4 = 0. Let j be 34/(-6) - -3 - c/(-3). Is p(j) a multiple of 27?
False
Suppose -116613 = -98*i - 4109. Is 89 a factor of i?
False
Suppose -5554048 = 59*s - 201*s + 1356240. Is s a multiple of 14?
True
Let m = 19 - 13. Let l(j) = 5*j**3 - 4*j**2 + 3*j - 8. Let v(k) = 14*k**3 - 12*k**2 + 7*k - 24. Let i(d) = -11*l(d) + 4*v(d). Is 5 a factor of i(m)?
False
Suppose -8357 = -m + 4*r, 103*m - 4*r - 33512 = 99*m. Is m a multiple of 7?
False
Suppose 178 - 36 = 2*m. Let p = 183 - -125. Suppose -75*w + m*w + p = 0. Does 6 divide w?
False
Let p(j) = 70*j - 10. Let d be 4/2*120/80. Is 25 a factor of p(d)?
True
Suppose -24*h - 71700 = -18*h. Let q be h/(-90) + 4/18. Let i = q - -112. Is 12 a factor of i?
False
Let f(q) = 236*q**3 - 3*q**2 - 30*q + 157. Is f(4) a multiple of 129?
True
Suppose 21*a - 32*a - 2288 = 0. Let f = -198 - a. Does 5 divide f?
True
Let q(n) be the first derivative of -5*n**2 - 88*n + 74. Is 3 a factor of q(-19)?
True
Suppose 2*v - c = -228 + 2057, 910 = v - 2*c. Is 4 a factor of v?
True
Let v = 836 + -72. Let t = -699 + v. Is 4 a factor of t?
False
Suppose -a = 3*y - 10, 0*y - 2*y - 16 = -5*a. Let w(u) = 19 - 18 + u**3 + 12*u**y - 21*u - 2. Is 61 a factor of w(-12)?
False
Let r(y) = y**3 + 12*y**2 - 1. Let c be r(-12). Let f be (c - 4 - -4)/((-1)/(-2)). Is 13 a factor of (-4 - 48)/(-3 + (-2)/f)?
True
Let a be ((-206)/(-6))/((-1)/45*-5). Let z = 433 - a. Is 6 a factor of z?
False
Let p(z) = -z**3 - 31*z**2 + 70*z + 24. Let t be p(-33). Does 28 divide (903/(-42))/(2/t)?
False
Suppose 15*r - 11*r = 26924. Suppose 4821 = 32*o - r. Is 8 a factor of o?
False
Suppose -8 = -z - 4*b, -2*b =